 3*q - 20 = -4*a. What is the tens digit of ((-44)/v - a) + 1/3?
1
Let n(p) = 2*p**3 + 9*p**2 - 47*p + 143. What is the units digit of n(19)?
7
Let p = 9519 + -2879. What is the thousands digit of p?
6
Suppose -210*d - 55*d + 18245250 = 0. What is the hundreds digit of d?
8
Suppose 4*i - 15 = -119. Let q be i/(-10) + (-9)/15. What is the units digit of q - 1 - (-92 + 18)?
5
Suppose h - 11*h = -28273 - 83217. What is the ten thousands digit of h?
1
Suppose -32*x = -31*x - 84. Suppose 0 = 5*v - 5*t - 75, -4*t + x = -2*v + 6*v. What is the units digit of v?
8
Let j = 21 + -17. Let m be -45*(j + (-20)/4). Let z = m - -25. What is the units digit of z?
0
Suppose 2*n + m = 12, -3*m + 21 = 2*n + n. Let i = 857 + -408. Suppose -3*o + 3*k + 267 = 0, -n*o + 2*k + i = k. What is the units digit of o?
0
Let i(x) = x + 3. Let v = 26 + -23. Suppose -4*y = -39 + v. What is the tens digit of i(y)?
1
Suppose -1816 + 640 = 3*s - 5*k, 15 = 5*k. Let i = s + 613. What is the hundreds digit of i?
2
Let t be (0 + 1/(-3))*6. Let m(o) = -9*o**3 + 9*o**2 - 4*o. Let u(f) = 9*f**3 - 10*f**2 + 5*f. Let p(l) = 7*m(l) + 6*u(l). What is the units digit of p(t)?
0
Suppose 28*y - 272865 = -81*y + 178613. What is the hundreds digit of y?
1
Let o(t) = -t - 4. Let r be o(-7). Let x be r/(-3 - 176/(-60)). Let c = x - -141. What is the tens digit of c?
9
Suppose -5*w + 57323 = -4*f, -f - 3483 = 2*w - 26407. What is the ten thousands digit of w?
1
Let n = -74 - -70. Let y be (42/n)/(126/24 + -6). What is the hundreds digit of 2/7 + 2418/y?
1
Let z be -5 + 2 - -4 - 258. Let u = z + 139. Let b = u - -174. What is the units digit of b?
6
Let v(j) = -3*j + 194. Let t = 88 - 64. Let x = t + -24. What is the units digit of v(x)?
4
Let m(d) = 7*d**3 - 96*d**2 + 25*d - 19. What is the thousands digit of m(15)?
2
Let y(t) = -36*t + 48 + 75*t + 5*t**2 - 59*t. What is the hundreds digit of y(9)?
2
Suppose 16989 = -32*w + 53*w. What is the tens digit of w?
0
Suppose 6*x + 396 = 10*x. Suppose 0 = -3*y - 6*y + x. Suppose y*c - 1232 = 4*c. What is the hundreds digit of c?
1
Let a(b) = -3*b + 4*b + 2*b**2 - b - 1. Let f = 352 + -357. What is the tens digit of a(f)?
4
Let i = -62880 + 90807. What is the units digit of i?
7
Let j = 21416 + -11321. What is the units digit of j?
5
Let q(x) = x**3 - 15*x**2 + 20*x - 34. Let t(d) = 7*d**2 - 7*d. Let y be t(-1). What is the tens digit of q(y)?
5
Let m = -3 - -36. Suppose m*b - 37*b = 0. Suppose 29 = k + 4*z + 4, -5*k + 5*z + 75 = b. What is the units digit of k?
7
Suppose 41*l = 36*l - 140. Let q be 3/(-3)*(l - 2). What is the hundreds digit of (20/6)/1*q?
1
Let x = -16231 - -30757. What is the tens digit of x?
2
Let m(n) = n**2 - 9*n + 20. Let o be m(8). Let y be 8 - -3*o/(-9). Suppose 4*d + 2*c = y*c + 312, -3*d - 4*c = -256. What is the tens digit of d?
8
Suppose 4*p = -8*i + 3*i + 104, 0 = -3*p - 3*i + 75. Let l be 4/6 + (-2492)/p. Let w = l - -171. What is the units digit of w?
3
Suppose 1 = 5*i - 3*x, 2*i - 9*x + 11 = -4*x. Suppose 0 = i*c - 3*n - 955, 0 = -c + n + 115 + 361. What is the tens digit of c?
7
Let s be (956/(-6))/(6/(-72)). Suppose -3*j = -4*a - s, -8*j + 1957 = -5*j + 5*a. What is the units digit of j?
4
Suppose -527*p = -491*p - 51228. What is the units digit of p?
3
What is the hundreds digit of ((-3)/7)/((-252)/3303972)?
6
Let g be (-1 + -2732)/(48/(-16)). Suppose -6219 = -4*l - g. What is the tens digit of l?
2
Let y(v) = -v**2 - 4*v + 8. Let c be y(-5). Suppose 3*a = -b + 5*a + 65, 0 = 5*b + c*a - 260. Let d = b - 32. What is the units digit of d?
3
Suppose 5*q + 447 = -918. Let o = q + 567. What is the hundreds digit of o?
2
Let o(g) = -28*g**2 + 559 - 527 - 8*g + 2*g**3 - g**3. Let p be o(26). What is the hundreds digit of 14/63 + p/(-9)?
1
Let x be (5 + 54/(-9))*-5. Let c(d) = 11*d + 5 + 0 - 4*d. What is the units digit of c(x)?
0
Suppose 0 = 30*t - 28*t + 308. Let x = 539 + t. What is the tens digit of x?
8
Let a(b) = b**3 + 9*b**2 - 8*b - 22. Let x = -12 - -10. Let s be 6*(x - 12/(-8))*3. What is the tens digit of a(s)?
5
Let t(j) = 336*j + 399. What is the hundreds digit of t(12)?
4
Let x = 247 + -255. Let b = x + 268. What is the hundreds digit of b?
2
Suppose -182*x = -183*x + 4. What is the units digit of x?
4
Suppose 20*j - 12 = 14*j. Suppose -j*t - y = 2*t + 46, -5*y = 3*t + 26. What is the tens digit of (1 + (-940)/t)/((-2)/(-3))?
1
Suppose 240*v + 1323 = 231*v. What is the tens digit of 7/v*-7 + 6340/6?
5
Suppose 7*u - 10*u = -18. Let l(j) be the second derivative of 7*j**3/3 - 13*j**2 - 2*j. What is the tens digit of l(u)?
5
Let v(p) be the second derivative of -13*p**3/6 - 55*p**2/2 + 52*p. What is the tens digit of v(-7)?
3
Let i(h) = h**3 + 10*h**2 + 9*h. Let c be i(-9). Let u be (-47 - -2) + 3 - c. Let x = u + 113. What is the tens digit of x?
7
Let a(k) = 43*k - 3. Let z(b) = -43*b + 4. Let m(n) = 5*a(n) + 4*z(n). What is the hundreds digit of m(4)?
1
Let b be (-11322)/(-14) - (-2 - 48/(-28)). Let q = -508 + b. What is the hundreds digit of q?
3
Suppose 0 = -22*r + 3*x + 478837, 3*r - 17590 = 2*x + 47698. What is the thousands digit of r?
1
Suppose 0 = a + 3*i - 2284, -28*a - 4*i = -30*a + 4598. What is the tens digit of a?
9
Suppose -3*l + 36380 = -2*v, -3*v - 16149 = -l - 4020. What is the thousands digit of l?
2
Suppose -2007 = 4*k - 5*g, 128 = k - 5*g + 611. Let w = k + 919. What is the tens digit of w?
1
Suppose -108*g + 104*g + 5*y + 59 = 0, 0 = -y + 1. Suppose -g*w + 38627 = 13763. What is the tens digit of w?
5
Let j(r) be the second derivative of r**5/20 + r**4/12 - r**3/6 + 459*r**2/2 - 2*r + 3. What is the hundreds digit of j(0)?
4
Suppose -3*v + a + 125958 = 0, 17*v - 4*a = 12*v + 209916. What is the ten thousands digit of v?
4
Suppose -23*f - 13*f = -160920. What is the hundreds digit of f?
4
Let h = -593 - -752. Suppose -h*l - 906 = -160*l. What is the units digit of l?
6
Let x = 8794 + 34510. What is the hundreds digit of x?
3
Let j = 465 - 156. Suppose 2*l - 4*l - q = 315, 2*l + 3*q = -j. Let s = 244 + l. What is the tens digit of s?
8
Let v = 19116 - 10735. What is the tens digit of v?
8
Let u = -18 + 30. Suppose 11*r - u*r = -172. What is the tens digit of r?
7
Suppose 0 = 7*y - 5*y - 4*j - 790, y = j + 394. Suppose -9*s + 1347 = y. What is the tens digit of s?
0
Suppose -19*b = -40*b - 23848 + 347836. What is the ten thousands digit of b?
1
Let b(w) = 1174*w**2 + 182*w - 1533. What is the units digit of b(8)?
9
Let j(o) = 51*o**3 + 5*o**2 - 3*o - 1. Let m be j(-3). Let i = -304 - m. What is the thousands digit of i?
1
Suppose -3598 = 2*b + 1460. Let y = -1291 - b. What is the units digit of y?
8
Let d(v) = 5750*v - 1905. What is the thousands digit of d(6)?
2
Let g(b) = -48*b + 1031. What is the thousands digit of g(-186)?
9
Let x = 2176 + -1914. What is the units digit of x?
2
Let c(x) = -x**2 + 77*x - 30. Let j be c(43). Suppose -4*m + j = -4*d, 0*m + m - 358 = -2*d. What is the hundreds digit of m?
3
Suppose -5*p + i + 9952 = 1023, -2*i - 8928 = -5*p. Suppose 5*t = 0, -2*t = 2*v + 3*t - p. What is the tens digit of v?
9
Let a(k) = 20*k**2 + 9*k + 974. What is the tens digit of a(-32)?
6
Let y(l) = -9*l**3 + 4*l**2 + 2*l - 1. Let w be y(-1). What is the tens digit of 2 + (-7 - -1) - (-79 - w)?
8
Let d(p) = 3*p + 26. Suppose 3*k + 17 = -y, 0*k = y + 2*k + 14. Let r be d(y). What is the units digit of ((-3)/r)/((-13855)/1730 - -8)?
3
Let y(s) = -s + 30. Let k = -31 + 49. Let i be y(k). Suppose 221 = i*t + 41. What is the units digit of t?
5
Let g = 123 - -19. Let h = g - 71. Suppose h*n = 72*n - 101. What is the units digit of n?
1
Suppose 0 = -5*l - 51 - 69. Let b be ((-314)/(-6))/(l/(-72)). Suppose c = 2*d + 6*c - b, -3*c + 307 = 4*d. What is the units digit of d?
6
Suppose -30 = 580*t - 586*t. What is the tens digit of t*(-4 + 5)/(3/177)?
9
Suppose -5*i + 27 - 2 = 0, 3*l - 4*i - 7 = 0. Let y(d) = 8*d**2 - 12*d + 5. Let x be y(l). What is the units digit of (-1)/((-9)/6) - x/(-15)?
7
Suppose -3*s - 335 + 344 = 0. Suppose 0 = -5*g - 8 + 23. Suppose g*o = o - 3*l + 179, 4*o - 343 = -s*l. What is the units digit of o?
2
Suppose -34*v + 50049 + 56371 = 0. What is the thousands digit of v?
3
Suppose -g - 2*g + 16 = 5*r, 4*r - 3*g - 29 = 0. Let u = 657 + -577. Suppose -4*m = 3*j - 543, 3*m = 